{"id":74,"date":"2021-11-10T15:26:06","date_gmt":"2021-11-10T14:26:06","guid":{"rendered":"http:\/\/cpam-artois.fr\/cnge\/?page_id=74"},"modified":"2022-12-02T12:21:36","modified_gmt":"2022-12-02T11:21:36","slug":"le-dispositif-de-lassistant-medical","status":"publish","type":"page","link":"https:\/\/www.cpam-artois.fr\/cnge\/?page_id=74","title":{"rendered":"Le dispositif de l\u2019assistant m\u00e9dical"},"content":{"rendered":"\n<blockquote class=\"wp-block-quote is-layout-flow wp-block-quote-is-layout-flow\">\n<p>Dans le cadre de l\u2019avenant 7 \u00e0 la convention m\u00e9dicale du 20 juin 2019, l\u2019aide \u00e0 l\u2019embauche doit permettre aux m\u00e9decins de lib\u00e9rer du temps m\u00e9dical pour se concentrer sur le soin, une am\u00e9lioration pour l\u2019acc\u00e8s aux soins, les conditions d\u2019exercice et la qualit\u00e9 de la prise en charge des patients.<\/p>\n<\/blockquote>\n\n\n\n<p>Il s\u2019agit d\u2019une nouvelle fonction, in\u00e9dite en France mais existant d\u00e9j\u00e0 dans plusieurs pays (notamment en Allemagne et aux \u00c9tats-Unis), cr\u00e9\u00e9e pour permettre aux m\u00e9decins de se lib\u00e9rer de certaines t\u00e2ches sans plus-value m\u00e9dicale, de se concentrer sur le soin, de se d\u00e9charger au quotidien et de pouvoir ainsi prendre en charge davantage de patients (notamment des patients sans m\u00e9decin traitant).<\/p>\n\n\n\n<div class=\"wp-block-file\"><a id=\"wp-block-file--media-56aba665-c338-4e3f-a74a-63ede3039c08\" href=\"http:\/\/www.cpam-artois.fr\/cnge\/wp-content\/uploads\/2021\/11\/brochure_assistant_medical.pdf\" target=\"_blank\" rel=\"noreferrer noopener\">Voir la brochure de pr\u00e9sentation<\/a><a href=\"http:\/\/www.cpam-artois.fr\/cnge\/wp-content\/uploads\/2021\/11\/brochure_assistant_medical.pdf\" class=\"wp-block-file__button wp-element-button\" download aria-describedby=\"wp-block-file--media-56aba665-c338-4e3f-a74a-63ede3039c08\">T\u00e9l\u00e9charger<\/a><\/div>\n\n\n\n<h2 class=\"wp-block-heading\">Bilan de mi-parcours<\/h2>\n\n\n\n<p>Depuis son lancement, le dispositif de l&rsquo;assistant m\u00e9dical a permis d&rsquo;augmenter de 9,9% le nombre de patients m\u00e9decin traitant et de 5,3% de file active.<\/p>\n\n\n\n<p>En 2021, En moyenne 7 563 actes (actes cliniques + techniques) par an et par MG.<br>Une \u00e9volution de +7,4% des actes totaux par MG (hors MEP) entre 2018 et 2021 (contre -0,9 pour l&rsquo;ensemble des MG).<br>Cette \u00e9volution se d\u00e9compose :<br>\u2022 +2,9% pour les actes cliniques (consultations, visites)<br>\u2022 +4,5% pour les actes techniques (notamment les actes de vaccination Covid).<\/p>\n\n\n\n<h2 class=\"wp-block-heading\">Assistant m\u00e9dical &#8211; le point de vue d&rsquo;un m\u00e9decin<\/h2>\n\n\n\n<figure class=\"wp-block-embed is-type-video is-provider-youtube wp-block-embed-youtube wp-embed-aspect-16-9 wp-has-aspect-ratio\"><div class=\"wp-block-embed__wrapper\">\n<iframe loading=\"lazy\" title=\"Le m\u00e9tier d&#039;assistant m\u00e9dical en France - Interview d&#039;un m\u00e9decin\" width=\"500\" height=\"281\" src=\"https:\/\/www.youtube.com\/embed\/bD0xzmCLjE4?feature=oembed\" frameborder=\"0\" allow=\"accelerometer; autoplay; clipboard-write; encrypted-media; gyroscope; picture-in-picture; web-share\" referrerpolicy=\"strict-origin-when-cross-origin\" allowfullscreen><\/iframe>\n<\/div><\/figure>\n\n\n\n<h2 class=\"wp-block-heading\">Assistant m\u00e9dical &#8211; Qu&rsquo;est-ce que c&rsquo;est ?<\/h2>\n\n\n\n<figure class=\"wp-block-embed is-type-video is-provider-youtube wp-block-embed-youtube wp-embed-aspect-16-9 wp-has-aspect-ratio\"><div class=\"wp-block-embed__wrapper\">\n<iframe loading=\"lazy\" title=\"D\u00e9couverte du m\u00e9tier Assistant(e) M\u00e9dical(e)\" width=\"500\" height=\"281\" src=\"https:\/\/www.youtube.com\/embed\/Y-MTX5_kOlo?feature=oembed\" frameborder=\"0\" allow=\"accelerometer; autoplay; clipboard-write; encrypted-media; gyroscope; picture-in-picture; web-share\" referrerpolicy=\"strict-origin-when-cross-origin\" allowfullscreen><\/iframe>\n<\/div><\/figure>\n","protected":false},"excerpt":{"rendered":"<p>Dans le cadre de l\u2019avenant 7 \u00e0 la convention m\u00e9dicale du 20 juin 2019, l\u2019aide \u00e0 l\u2019embauche doit permettre aux m\u00e9decins de lib\u00e9rer du temps m\u00e9dical pour se concentrer sur le soin, une am\u00e9lioration pour l\u2019acc\u00e8s aux soins, les conditions d\u2019exercice et la qualit\u00e9 de la prise en charge des patients. Il s\u2019agit d\u2019une nouvelle [&hellip;]<\/p>\n","protected":false},"author":3,"featured_media":0,"parent":0,"menu_order":0,"comment_status":"closed","ping_status":"closed","template":"","meta":{"_acf_changed":false,"footnotes":""},"class_list":["post-74","page","type-page","status-publish","hentry"],"acf":[],"_links":{"self":[{"href":"https:\/\/www.cpam-artois.fr\/cnge\/index.php?rest_route=\/wp\/v2\/pages\/74","targetHints":{"allow":["GET"]}}],"collection":[{"href":"https:\/\/www.cpam-artois.fr\/cnge\/index.php?rest_route=\/wp\/v2\/pages"}],"about":[{"href":"https:\/\/www.cpam-artois.fr\/cnge\/index.php?rest_route=\/wp\/v2\/types\/page"}],"author":[{"embeddable":true,"href":"https:\/\/www.cpam-artois.fr\/cnge\/index.php?rest_route=\/wp\/v2\/users\/3"}],"replies":[{"embeddable":true,"href":"https:\/\/www.cpam-artois.fr\/cnge\/index.php?rest_route=%2Fwp%2Fv2%2Fcomments&post=74"}],"version-history":[{"count":6,"href":"https:\/\/www.cpam-artois.fr\/cnge\/index.php?rest_route=\/wp\/v2\/pages\/74\/revisions"}],"predecessor-version":[{"id":382,"href":"https:\/\/www.cpam-artois.fr\/cnge\/index.php?rest_route=\/wp\/v2\/pages\/74\/revisions\/382"}],"wp:attachment":[{"href":"https:\/\/www.cpam-artois.fr\/cnge\/index.php?rest_route=%2Fwp%2Fv2%2Fmedia&parent=74"}],"curies":[{"name":"wp","href":"https:\/\/api.w.org\/{rel}","templated":true}]}}